{"id":192,"date":"2024-09-30T21:44:53","date_gmt":"2024-09-30T19:44:53","guid":{"rendered":"https:\/\/www.royaltiz-critique.com\/?page_id=192"},"modified":"2024-10-11T14:33:36","modified_gmt":"2024-10-11T12:33:36","slug":"comment-demarrer-sur-royaltiz","status":"publish","type":"page","link":"https:\/\/www.royaltiz-critique.com\/index.php\/comment-demarrer-sur-royaltiz\/","title":{"rendered":"Comment d\u00e9marrer sur royaltiz ?"},"content":{"rendered":"<p>[et_pb_section fb_built=&#8221;1&#8243; admin_label=&#8221;Feature&#8221; _builder_version=&#8221;4.16&#8243; background_color=&#8221;#000000&#8243; saved_tabs=&#8221;all&#8221; locked=&#8221;off&#8221; collapsed=&#8221;on&#8221; global_colors_info=&#8221;{}&#8221;][et_pb_row column_structure=&#8221;1_2,1_2&#8243; _builder_version=&#8221;4.22.0&#8243; global_colors_info=&#8221;{}&#8221;][et_pb_column type=&#8221;1_2&#8243; _builder_version=&#8221;4.21.0&#8243; global_colors_info=&#8221;{}&#8221;][et_pb_image src=&#8221;http:\/\/www.royaltiz-critique.com\/wp-content\/uploads\/2024\/10\/Plan-de-travail-2-copie-6.png&#8221; title_text=&#8221;Plan de travail 2 copie 6&#8243; _builder_version=&#8221;4.27.0&#8243; global_colors_info=&#8221;{}&#8221;][\/et_pb_image][\/et_pb_column][et_pb_column type=&#8221;1_2&#8243; _builder_version=&#8221;4.22.0&#8243; custom_padding=&#8221;60px||||false|false&#8221; custom_padding_tablet=&#8221;0px||||false|false&#8221; custom_padding_phone=&#8221;0vw||||false|false&#8221; custom_padding_last_edited=&#8221;on|desktop&#8221; global_colors_info=&#8221;{}&#8221;][et_pb_text _builder_version=&#8221;4.22.0&#8243; header_2_font=&#8221;Anton|||on|||||&#8221; header_2_text_color=&#8221;#FFFFFF&#8221; header_2_font_size=&#8221;60px&#8221; header_2_letter_spacing=&#8221;1px&#8221; header_2_line_height=&#8221;1.2em&#8221; custom_margin=&#8221;||10px||false|false&#8221; header_2_font_size_tablet=&#8221;32px&#8221; header_2_font_size_phone=&#8221;20px&#8221; header_2_font_size_last_edited=&#8221;on|desktop&#8221; global_colors_info=&#8221;{}&#8221;]<\/p>\n<h2>D\u00e9marrer sur royaltiz : un guide complet<!-- notionvc: c1e7e6b8-0872-4339-a646-2a094968ad06 --><br \/><!-- notionvc: b8a9adac-4efb-4a08-b7c2-020f3aa87e9b --><\/h2>\n<p>[\/et_pb_text][et_pb_text _builder_version=&#8221;4.22.0&#8243; text_font=&#8221;Inter||||||||&#8221; text_text_color=&#8221;rgba(255,255,255,0.7)&#8221; text_font_size=&#8221;16px&#8221; text_line_height=&#8221;1.8em&#8221; text_font_size_tablet=&#8221;15px&#8221; text_font_size_phone=&#8221;14px&#8221; text_font_size_last_edited=&#8221;on|desktop&#8221; global_colors_info=&#8221;{}&#8221;]<\/p>\n<p>Pour les utilisateurs souhaitant explorer un nouveau mode d\u2019investissement, royaltiz est une plateforme unique qui permet d&#8217;investir dans la carri\u00e8re de talents humains. Que vous soyez un d\u00e9butant curieux ou un investisseur exp\u00e9riment\u00e9 \u00e0 la recherche de diversification, d\u00e9marrer sur royaltiz n\u00e9cessite une compr\u00e9hension claire du fonctionnement de la plateforme, des strat\u00e9gies \u00e0 adopter, et des ressources disponibles pour maximiser vos chances de succ\u00e8s. Voici un guide d\u00e9taill\u00e9 pour vous aider \u00e0 faire vos premiers pas sur Royaltiz.<!-- notionvc: c158973c-d594-4ffd-866f-8dab4cc22b0c --><\/p>\n<p><!-- notionvc: 731db649-963c-4117-86ef-92df0284ddfa --><\/p>\n<p>[\/et_pb_text][et_pb_image src=&#8221;http:\/\/www.royaltiz-critique.com\/wp-content\/uploads\/2024\/09\/financial-planning-14.png&#8221; title_text=&#8221;financial-planning-14&#8243; _builder_version=&#8221;4.22.0&#8243; transform_translate=&#8221;50%|50%&#8221; transform_translate_linked=&#8221;off&#8221; width=&#8221;15%&#8221; global_colors_info=&#8221;{}&#8221;][\/et_pb_image][\/et_pb_column][\/et_pb_row][\/et_pb_section][et_pb_section fb_built=&#8221;1&#8243; admin_label=&#8221;Call to Action&#8221; _builder_version=&#8221;4.21.0&#8243; background_color=&#8221;gcid-b0afb9e7-00cb-4a3b-9bdf-e3137e7083ae&#8221; custom_padding=&#8221;||6vw||false|false&#8221; locked=&#8221;off&#8221; collapsed=&#8221;on&#8221; global_colors_info=&#8221;{}&#8221;][et_pb_row custom_padding_last_edited=&#8221;on|desktop&#8221; _builder_version=&#8221;4.27.0&#8243; background_color=&#8221;gcid-aca0a2e8-0de7-4ce9-88ea-510d38e23681&#8243; max_width=&#8221;1280px&#8221; overflow-x=&#8221;visible&#8221; overflow-y=&#8221;visible&#8221; custom_padding=&#8221;60px|100px|60px|100px|true|true&#8221; custom_padding_tablet=&#8221;30px|30px|30px|30px|true|true&#8221; custom_padding_phone=&#8221;20px|20px|20px|20px|true|true&#8221; border_radii=&#8221;on|30px|30px|30px|30px&#8221; global_colors_info=&#8221;{}&#8221;][et_pb_column type=&#8221;4_4&#8243; _builder_version=&#8221;4.21.0&#8243; global_colors_info=&#8221;{}&#8221;][et_pb_text _builder_version=&#8221;4.22.0&#8243; header_2_font=&#8221;Anton|||on|||||&#8221; header_2_text_color=&#8221;#000000&#8243; header_2_font_size=&#8221;60px&#8221; header_2_letter_spacing=&#8221;1px&#8221; header_2_line_height=&#8221;1.2em&#8221; custom_margin=&#8221;||10px||false|false&#8221; header_2_font_size_tablet=&#8221;32px&#8221; header_2_font_size_phone=&#8221;20px&#8221; header_2_font_size_last_edited=&#8221;on|desktop&#8221; global_colors_info=&#8221;{}&#8221;]<\/p>\n<h2><span data-token-index=\"0\" class=\"notion-enable-hover\">Cr\u00e9ation du compte et v\u00e9rification<\/span><!-- notionvc: 6397343e-fc2b-44cb-b7d6-db575e5f4799 --><br \/><!-- notionvc: 67151534-dc56-4a31-82a7-1b8380aa229c --><\/h2>\n<p>[\/et_pb_text][et_pb_text _builder_version=&#8221;4.16&#8243; text_font=&#8221;Inter||||||||&#8221; text_text_color=&#8221;gcid-b0afb9e7-00cb-4a3b-9bdf-e3137e7083ae&#8221; text_font_size=&#8221;16px&#8221; text_line_height=&#8221;1.8em&#8221; text_font_size_tablet=&#8221;15px&#8221; text_font_size_phone=&#8221;14px&#8221; text_font_size_last_edited=&#8221;on|desktop&#8221; global_colors_info=&#8221;{}&#8221;]<\/p>\n<p>La premi\u00e8re \u00e9tape pour commencer \u00e0 investir sur Royaltiz est la cr\u00e9ation de votre compte. Le processus est simple et rapide : il vous suffit de fournir vos informations personnelles telles que votre nom, votre adresse email et de cr\u00e9er un mot de passe s\u00e9curis\u00e9. Cependant, pour garantir la s\u00e9curit\u00e9 des transactions et la conformit\u00e9 l\u00e9gale, Royaltiz impose une v\u00e9rification d&#8217;identit\u00e9 obligatoire. Vous devrez donc soumettre une pi\u00e8ce d&#8217;identit\u00e9 pour activer votre compte. Cette v\u00e9rification est essentielle pour prot\u00e9ger vos investissements et assurer que la plateforme reste un environnement s\u00fbr pour tous les utilisateurs.<!-- notionvc: b29bf253-7364-4cac-849c-232dc3469b2a --><\/p>\n<p><!-- notionvc: a04bcbe7-3c9c-4309-a429-1c6532b5119b --><\/p>\n<p>[\/et_pb_text][\/et_pb_column][\/et_pb_row][et_pb_row custom_padding_last_edited=&#8221;on|desktop&#8221; _builder_version=&#8221;4.27.0&#8243; background_color=&#8221;gcid-aca0a2e8-0de7-4ce9-88ea-510d38e23681&#8243; max_width=&#8221;1280px&#8221; overflow-x=&#8221;visible&#8221; overflow-y=&#8221;visible&#8221; custom_padding=&#8221;60px|100px|60px|100px|true|true&#8221; custom_padding_tablet=&#8221;30px|30px|30px|30px|true|true&#8221; custom_padding_phone=&#8221;20px|20px|20px|20px|true|true&#8221; border_radii=&#8221;on|30px|30px|30px|30px&#8221; global_colors_info=&#8221;{}&#8221;][et_pb_column type=&#8221;4_4&#8243; _builder_version=&#8221;4.21.0&#8243; global_colors_info=&#8221;{}&#8221;][et_pb_text _builder_version=&#8221;4.22.0&#8243; header_2_font=&#8221;Anton|||on|||||&#8221; header_2_text_color=&#8221;#000000&#8243; header_2_font_size=&#8221;60px&#8221; header_2_letter_spacing=&#8221;1px&#8221; header_2_line_height=&#8221;1.2em&#8221; custom_margin=&#8221;||10px||false|false&#8221; header_2_font_size_tablet=&#8221;32px&#8221; header_2_font_size_phone=&#8221;20px&#8221; header_2_font_size_last_edited=&#8221;on|desktop&#8221; global_colors_info=&#8221;{}&#8221;]<\/p>\n<h2><span data-token-index=\"0\" class=\"notion-enable-hover\">S\u00e9lection et achat de ROYs<\/span><!-- notionvc: f8023e71-9920-4597-b4c3-6db08867141a --><br \/><!-- notionvc: 67151534-dc56-4a31-82a7-1b8380aa229c --><\/h2>\n<p>[\/et_pb_text][et_pb_text _builder_version=&#8221;4.16&#8243; text_font=&#8221;Inter||||||||&#8221; text_text_color=&#8221;gcid-b0afb9e7-00cb-4a3b-9bdf-e3137e7083ae&#8221; text_font_size=&#8221;16px&#8221; text_line_height=&#8221;1.8em&#8221; text_font_size_tablet=&#8221;15px&#8221; text_font_size_phone=&#8221;14px&#8221; text_font_size_last_edited=&#8221;on|desktop&#8221; global_colors_info=&#8221;{}&#8221;]<\/p>\n<p>Une fois votre compte activ\u00e9, l\u2019\u00e9tape cruciale consiste \u00e0 choisir les talents dans lesquels vous souhaitez investir. Royaltiz propose une vaste s\u00e9lection de talents, class\u00e9s par cat\u00e9gories telles que le football, les sports de combat, le divertissement et bien d\u2019autres. Chaque talent dispose d&#8217;une page d\u00e9di\u00e9e o\u00f9 vous pouvez consulter des informations cl\u00e9s comme le prix actuel des ROYs, l\u2019\u00e9volution de leur valeur, et les rendements pass\u00e9s. Cette transparence est essentielle pour vous permettre de prendre des d\u00e9cisions \u00e9clair\u00e9es sur les talents qui correspondent le mieux \u00e0 votre strat\u00e9gie d\u2019investissement.<\/p>\n<p>Lors de la s\u00e9lection des talents, il est important d\u2019adopter une strat\u00e9gie r\u00e9fl\u00e9chie. Par exemple, certains utilisateurs pr\u00e9f\u00e8rent investir dans des talents \u00e9tablis, qui ont d\u00e9j\u00e0 fait leurs preuves et pr\u00e9sentent une certaine stabilit\u00e9 dans leurs performances. Ces talents, bien qu\u2019ils puissent offrir des rendements plus constants, peuvent \u00e9galement avoir un prix de ROYs plus \u00e9lev\u00e9 en raison de leur popularit\u00e9. \u00c0 l\u2019inverse, d\u2019autres utilisateurs choisissent de parier sur des talents \u00e9mergents, dont la carri\u00e8re est encore \u00e0 ses d\u00e9buts. Investir dans ces talents peut \u00eatre plus risqu\u00e9, mais les ROYs sont souvent moins chers, et si le talent conna\u00eet un succ\u00e8s rapide, le potentiel de rendement peut \u00eatre beaucoup plus \u00e9lev\u00e9.<\/p>\n<p>Il est \u00e9galement crucial de diversifier vos investissements. Au lieu de concentrer tous vos fonds sur un seul talent, vous pouvez r\u00e9partir vos investissements sur plusieurs talents dans diff\u00e9rentes cat\u00e9gories. Cette strat\u00e9gie de diversification r\u00e9duit le risque global, car la contre-performance d\u2019un talent peut \u00eatre compens\u00e9e par la r\u00e9ussite d\u2019un autre. Par exemple, investir \u00e0 la fois dans un footballeur prometteur et dans une star montante du MMA peut \u00e9quilibrer votre portefeuille et offrir une protection contre les fluctuations impr\u00e9visibles du march\u00e9.<\/p>\n<p>Enfin, le timing joue un r\u00f4le cl\u00e9 dans l\u2019achat des ROYs. Observer les tendances du march\u00e9, les annonces li\u00e9es aux talents (comme un nouveau contrat ou une performance exceptionnelle), et les fluctuations de l&#8217;offre et de la demande peut vous aider \u00e0 d\u00e9terminer le meilleur moment pour acheter. Acheter au bon moment, c\u2019est-\u00e0-dire avant une mont\u00e9e de popularit\u00e9 ou un \u00e9v\u00e9nement cl\u00e9 dans la carri\u00e8re du talent, peut maximiser vos rendements potentiels.<\/p>\n<p>En somme, choisir les talents sur royaltiz n\u00e9cessite une approche strat\u00e9gique, combinant l\u2019analyse des informations disponibles, la diversification de votre portefeuille, et le bon timing pour acheter vos ROYs. Ce processus, bien que complexe, est essentiel pour maximiser votre potentiel de gains sur la plateforme.<\/p>\n<p><!-- notionvc: 8872ed1d-8a3c-46b5-ae70-6acb3d1d6d6c --><br \/><!-- notionvc: 071bc80e-2333-4992-a6fd-70f6d0fa2a76 --><\/p>\n<p><!-- notionvc: a04bcbe7-3c9c-4309-a429-1c6532b5119b --><\/p>\n<p>[\/et_pb_text][\/et_pb_column][\/et_pb_row][\/et_pb_section]<\/p>\n","protected":false},"excerpt":{"rendered":"<p>D\u00e9marrer sur royaltiz : un guide completPour les utilisateurs souhaitant explorer un nouveau mode d\u2019investissement, royaltiz est une plateforme unique qui permet d&#8217;investir dans la carri\u00e8re de talents humains. Que vous soyez un d\u00e9butant curieux ou un investisseur exp\u00e9riment\u00e9 \u00e0 la recherche de diversification, d\u00e9marrer sur royaltiz n\u00e9cessite une compr\u00e9hension claire du fonctionnement de la [&hellip;]<\/p>\n","protected":false},"author":1,"featured_media":0,"parent":0,"menu_order":0,"comment_status":"closed","ping_status":"closed","template":"","meta":{"_et_pb_use_builder":"on","_et_pb_old_content":"","_et_gb_content_width":"","om_disable_all_campaigns":false,"_monsterinsights_skip_tracking":false,"_monsterinsights_sitenote_active":false,"_monsterinsights_sitenote_note":"","_monsterinsights_sitenote_category":0,"footnotes":""},"class_list":["post-192","page","type-page","status-publish","hentry"],"aioseo_notices":[],"_links":{"self":[{"href":"https:\/\/www.royaltiz-critique.com\/index.php\/wp-json\/wp\/v2\/pages\/192","targetHints":{"allow":["GET"]}}],"collection":[{"href":"https:\/\/www.royaltiz-critique.com\/index.php\/wp-json\/wp\/v2\/pages"}],"about":[{"href":"https:\/\/www.royaltiz-critique.com\/index.php\/wp-json\/wp\/v2\/types\/page"}],"author":[{"embeddable":true,"href":"https:\/\/www.royaltiz-critique.com\/index.php\/wp-json\/wp\/v2\/users\/1"}],"replies":[{"embeddable":true,"href":"https:\/\/www.royaltiz-critique.com\/index.php\/wp-json\/wp\/v2\/comments?post=192"}],"version-history":[{"count":5,"href":"https:\/\/www.royaltiz-critique.com\/index.php\/wp-json\/wp\/v2\/pages\/192\/revisions"}],"predecessor-version":[{"id":236,"href":"https:\/\/www.royaltiz-critique.com\/index.php\/wp-json\/wp\/v2\/pages\/192\/revisions\/236"}],"wp:attachment":[{"href":"https:\/\/www.royaltiz-critique.com\/index.php\/wp-json\/wp\/v2\/media?parent=192"}],"curies":[{"name":"wp","href":"https:\/\/api.w.org\/{rel}","templated":true}]}}